1
What is the ten thousands digit of 125312766?
1
What is the ten thousands digit of 12877617?
7
What is the millions digit of 83647807?
3
What is the hundred thousands digit of 3667496125?
4
What is the hundred thousands digit of 3700836690?
8
What is the thousands digit of 162194450?
4
What is the hundred thousands digit of 3504602?
5
What is the tens digit of 56340088?
8
What is the ten millions digit of 606128002?
0
What is the millions digit of 1952435671?
2
What is the units digit of 643562876?
6
What is the hundred thousands digit of 665593548?
5
What is the units digit of 64630085?
5
What is the ten millions digit of 638188416?
3
What is the hundred thousands digit of 376655609?
6
What is the ten millions digit of 6799539894?
9
What is the thousands digit of 516504972?
4
What is the units digit of 690650467?
7
What is the units digit of 46118533?
3
What is the ten thousands digit of 42735186?
3
What is the hundred millions digit of 730474405?
7
What is the thousands digit of 23982402?
2
What is the ten thousands digit of 227568474?
6
What is the tens digit of 38491551?
5
What is the thousands digit of 1357023492?
3
What is the hundred thousands digit of 9222720?
2
What is the millions digit of 42184869?
2
What is the ten millions digit of 528379684?
2
What is the units digit of 133327953?
3
What is the hundreds digit of 2314509687?
6
What is the ten millions digit of 1459968108?
5
What is the hundreds digit of 5152898553?
5
What is the hundred thousands digit of 598974242?
9
What is the tens digit of 49390044?
4
What is the millions digit of 391596687?
1
What is the millions digit of 310336366?
0
What is the thousands digit of 693937449?
7
What is the hundreds digit of 58403652?
6
What is the ten millions digit of 1362308688?
6
What is the ten thousands digit of 224327525?
2
What is the millions digit of 114827431?
4
What is the millions digit of 3164216179?
4
What is the tens digit of 277980589?
8
What is the hundred thousands digit of 74600310?
6
What is the tens digit of 1535777028?
2
What is the ten thousands digit of 37820103?
2
What is the units digit of 612757863?
3
What is the thousands digit of 48242090?
2
What is the ten thousands digit of 145266413?
6
What is the units digit of 807257386?
6
What is the thousands digit of 2964482771?
2
What is the hundreds digit of 365266667?
6
What is the hundred thousands digit of 77097716?
0
What is the hundreds digit of 38088004?
0
What is the millions digit of 70336463?
0
What is the ten thousands digit of 31968663?
6
What is the ten millions digit of 704448290?
0
What is the hundreds digit of 43522259?
2
What is the millions digit of 136398582?
6
What is the ten thousands digit of 4110691637?
9
What is the thousands digit of 1665099132?
9
What is the millions digit of 30948026?
0
What is the millions digit of 2726641080?
6
What is the tens digit of 476352241?
4
What is the units digit of 106408382?
2
What is the millions digit of 231002238?
1
What is the thousands digit of 59743218?
3
What is the hundreds digit of 3758466465?
4
What is the billions digit of 1773486872?
1
What is the tens digit of 292906670?
7
What is the hundreds digit of 207684859?
8
What is the tens digit of 108374643?
4
What is the hundred thousands digit of 46504703?
5
What is the ten thousands digit of 63243474?
4
What is the millions digit of 49671094?
9
What is the hundred thousands digit of 836693841?
6
What is the millions digit of 231869018?
1
What is the ten thousands digit of 81174384?
7
What is the ten millions digit of 268880275?
6
What is the ten millions digit of 1423323719?
2
What is the units digit of 8120623?
3
What is the ten millions digit of 64434890?
6
What is the units digit of 79483447?
7
What is the ten thousands digit of 72049306?
4
What is the billions digit of 6696559619?
6
What is the hundred thousands digit of 60217150?
2
What is the units digit of 92164903?
3
What is the thousands digit of 24484252?
4
What is the millions digit of 95286165?
5
What is the hundred millions digit of 538010475?
5
What is the thousands digit of 1353978857?
8
What is the units digit of 523043788?
8
What is the hundreds digit of 328008069?
0
What is the millions digit of 83220385?
3
What is the ten thousands digit of 516260223?
6
What is the ten thousands digit of 16262450?
6
What is the hundreds digit of 4194438046?
0
What is the ten millions digit of 21541828?
2
What is the tens digit of 66513645?
4
What is the ten thousands digit of 734842117?
4
What is the thousands digit of 1416532571?
2
What is the hundreds digit of 44603382?
3
What is the ten thousands digit of 74060091?
6
What is the hundred thousands digit of 40634339?
6
What is the tens digit of 40770959?
5
What is the hundred thousands digit of 19080248?
0
What is the thousands digit of 1557584463?
4
What is the ten thousands digit of 3549645?
4
What is the thousands digit of 6647661?
7
What is the hundreds digit of 3396156?
1
What is the millions digit of 158590024?
8
What is the thousands digit of 1025680980?
0
What is the hundred thousands digit of 212115296?
1
What is the hundreds digit of 3609416050?
0
What is the thousands digit of 462735872?
5
What is the ten millions digit of 4149900022?
4
What is the ten millions digit of 3396515859?
9
What is the thousands digit of 20879753?
9
What is the hundred thousands digit of 52315574?
3
What is the units digit of 382976968?
8
What is the millions digit of 979201484?
9
What is the thousands digit of 2797498352?
8
What is the ten millions digit of 27342981?
2
What is the units digit of 31994172?
2
What is the ten thousands digit of 76351518?
5
What is the hundreds digit of 629347238?
2
What is the tens digit of 476936995?
9
What is the hundred millions digit of 4605487124?
6
What is the units digit of 4769500?
0
What is the thousands digit of 601850994?
0
What is the hundred millions digit of 648316588?
6
What is the ten thousands digit of 463760952?
6
What is the hundreds digit of 2842861855?
8
What is the ten millions digit of 808861354?
0
What is the thousands digit of 210410323?
0
What is the thousands digit of 31216883?
6
What is the hundred millions digit of 558310688?
5
What is the hundreds digit of 385695763?
7
What is the hundred millions digit of 208968013?
2
What is the ten millions digit of 43665954?
4
What is the ten millions digit of 978995680?
7
What is the units digit of 567419901?
1
What is the thousands digit of 298820822?
0
What is the hundred thousands digit of 2797106?
7
What is the hundred millions digit of 2494464218?
4
What is the thousands digit of 83433469?
3
What is the thousands digit of 15921451?
1
What is the ten thousands digit of 161047314?
4
What is the billions digit of 1330115221?
1
What is the ten thousands digit of 4964261643?
6
What is the thousands digit of 57547637?
7
What is the hundreds digit of 122228552?
5
What is the thousands digit of 32935844?
5
What is the millions digit of 210295738?
0
What is the tens digit of 404788206?
0
What is the millions digit of 99473659?
9
What is the hundreds digit of 455432592?
5
What is the hundreds digit of 35817789?
7
What is the hundred thousands digit of 129643749?
6
What is the ten millions digit of 71297422?
7
What is the tens digit of 1188877245?
4
What is the ten thousands digit of 2179427602?
2
What is the tens digit of 475697935?
3
What is the units digit of 32809292?
2
What is the thousands digit of 3898671?
8
What is the hundred millions digit of 3471105425?
4
What is the ten millions digit of 19271808?
1
What is the ten millions digit of 4862396536?
6
What is the billions digit of 6635262891?
6
What is the thousands digit of 31636571?
6
What is the thousands digit of 2681360?
1
What is the ten thousands digit of 4503506028?
0
What is the ten thousands digit of 156879690?
7
What is the hundred thousands digit of 543063681?
0
What is the hundred millions digit of 1425563614?
4
What is the hundred thousands digit of 2065811086?
8
What is the billions digit of 3311852041?
3
What is the ten thousands digit of 252725028?
2
What is the tens digit of 3703266710?
1
What is the thousands digit of 840114467?
4
What is the ten millions digit of 123326158?
2
What is the ten millions digit of 98736056?
9
What is the ten mi